of l.
2, 3, 29
Suppose -y = 3*x - 644, 0 = 9*x - 7*x - 6. List the prime factors of y.
5, 127
Suppose 0 = 8*q - 1590 - 1466. What are the prime factors of q?
2, 191
Suppose -3*c - 315 = -0*c. Let g(u) = -u + 2. Let x be g(-12). What are the prime factors of (-2)/4 - c/x?
7
Let u(y) = y**3 - 12*y**2 - 13*y - 6. Let a be u(13). Let r(n) = -n**2 - 7*n + 16. List the prime factors of r(a).
2, 11
Suppose -8*a - 9 = -11*a. Suppose 15 = -a*r + 21. What are the prime factors of r?
2
Let u be ((-2)/5)/(14/(-70)). What are the prime factors of (-5)/70*-7 - (-217)/u?
109
Suppose -6*m = -2*m + 5*x - 133, 4*x = 4. Suppose 36*l - m*l = 488. What are the prime factors of l?
2, 61
Let z(o) = o**3 - 8*o**2 - 12*o + 3. Let x = 116 + -106. List the prime factors of z(x).
83
What are the prime factors of (6925/(-5))/(-5) - 3?
2, 137
Suppose -g = s + 4*s + 14, 41 = -5*g + 4*s. What are the prime factors of 306/g*(-1)/2?
17
Let q(b) = b**2 - 28*b + 35. List the prime factors of q(32).
163
Let x = -89 - -99. What are the prime factors of (-1)/(2/24)*(-95)/x?
2, 3, 19
Suppose i = -5*b + 3062 - 104, -5*i = -5*b - 14670. List the prime factors of i.
2, 13, 113
Suppose 4*d - r - 5 = -0*r, 0 = 4*d - 5*r - 25. Suppose d = 9*a - 86 - 409. What are the prime factors of a?
5, 11
Let t = 777 - -549. List the prime factors of t.
2, 3, 13, 17
Let p = 1927 + -1325. List the prime factors of p.
2, 7, 43
Let b(f) = -4*f**3 + 5*f**2 - 10*f + 9. Let s(p) = -3*p**3 + 6*p**2 - 9*p + 8. Let c(y) = -2*b(y) + 3*s(y). List the prime factors of c(7).
2, 3
Suppose -4*j - 5*q = -1760, -11*j + 3*q - 440 = -12*j. List the prime factors of j.
2, 5, 11
Let o = -627 - -2211. List the prime factors of o.
2, 3, 11
Suppose 4*u + 5 = -3*h + 18, 5*h + u - 16 = 0. Suppose -252 - 60 = h*n. Let l = n - -155. List the prime factors of l.
3, 17
Let l(q) = q**3 - 2*q**2 + 3*q - 2. Let b be l(2). Let o be (24/b)/(9/(-24)). Let s = 32 + o. What are the prime factors of s?
2
Suppose 5*a + 2*p - 3*p - 1147 = 0, 4*p = -5*a + 1162. List the prime factors of a.
2, 5, 23
What are the prime factors of (188 - 3 - 4)*(12 + -11)?
181
Suppose 3*s + 4*n = 27, -9 = -n + 4*n. Let m = s - 18. Let z = m + 10. What are the prime factors of z?
5
Let g(d) = -10*d + 22. Let c be g(-8). Let m = 112 - c. What are the prime factors of m?
2, 5
Let n(j) = j**2 - 15*j. Let i be n(15). Suppose 3*o - 34 - 200 = i. What are the prime factors of o?
2, 3, 13
Let t(x) = -x**2 - 15*x + 14. Let p = 76 - 90. List the prime factors of t(p).
2, 7
Let d(a) = 140*a + 2. Let m be d(1). Suppose k + 5*o + 33 - 163 = 0, k = -2*o + m. What are the prime factors of k?
2, 3, 5
Let n = 70 + 178. List the prime factors of n.
2, 31
What are the prime factors of (-32102)/(-210) - (-10)/75?
3, 17
Let h(y) = 8*y - 1. Let u be h(6). Let b = 7 + u. What are the prime factors of b?
2, 3
Let h = 788 - 197. Suppose -v + 64 = 5*m - 35, 5*v + m - h = 0. What are the prime factors of v?
7, 17
Let a(z) = 9*z**3 - 13*z**2 + 10*z - 1. Let y(f) = -6*f**3 + 9*f**2 - 7*f + 1. Let n(v) = 5*a(v) + 7*y(v). What are the prime factors of n(3)?
2, 17
Let m(u) = -u**2 + 3*u + 8. Let y be m(8). Let l = -124 + 57. Let q = y - l. What are the prime factors of q?
5, 7
Suppose -3*v + 0 + 12 = 0. Let u be (v/(-5) + 2)*-10. Let o = u - -41. What are the prime factors of o?
29
Suppose 85 - 551 = -2*q. Suppose 46 = 3*p + 2*d - q, -3*p + 3*d = -279. Suppose -3*b = -3*u - 1 - 50, u = 5*b - p. What are the prime factors of b?
19
Let y(q) = -q**2 - 9*q + 1. Let s(l) = -l**3 - 7*l**2 + l. Suppose -2*g - 15 + 1 = 0. Let r be s(g). List the prime factors of y(r).
3, 5
Suppose -32*o + 5*o + 17442 = 0. List the prime factors of o.
2, 17, 19
Suppose 3*q = -0*q - 357. Let k = 103 - q. What are the prime factors of k?
2, 3, 37
Let a = 564 + -258. List the prime factors of a.
2, 3, 17
Let z = -711 - -1699. List the prime factors of z.
2, 13, 19
Let g = 7 + 9. Suppose -3*i = i - g. Let x(f) = 3*f**2 - 9*f - 4. List the prime factors of x(i).
2
Suppose 31 - 1 = -3*i. What are the prime factors of ((-26)/4)/(i/20)?
13
Let r be (-279)/(-4) - 2/(-8). Let l = 134 - r. List the prime factors of (l/(-12))/(2/(-6)).
2
Suppose -7 + 13 = 2*u. Suppose -u*b - 387 + 1074 = 0. What are the prime factors of b?
229
Let l = 28 + -46. Let t = l - -3. List the prime factors of t/10 + (-255)/(-6).
41
Suppose 3*s - 3*g - 165 = -0*g, -2*s + 116 = -4*g. Suppose s*q - 55*q = -126. List the prime factors of q.
2, 3, 7
Let z(f) = 15*f**2 - 2*f + 48. What are the prime factors of z(-9)?
3, 7, 61
Let q(c) = -10*c + 14. Let r be q(6). Let a be -4*1/(-2) + 75. Let t = r + a. List the prime factors of t.
31
Let x = 18 + 12. What are the prime factors of (-4140)/50*x/(-9)?
2, 3, 23
Let m = -14 + 17. Suppose 5*o - 2*r = m*r + 595, 0 = 5*o - 2*r - 592. What are the prime factors of o?
2, 59
Let p be ((-4)/8 - 0)*194. Let k = -48 - p. What are the prime factors of k?
7
Let n(j) = 23*j**2 - 7*j - 4. Suppose 0 = 2*r - 5*r - 9. List the prime factors of n(r).
2, 7
Let a = 10 - 3. Let j = 7 - 5. Let y = a + j. What are the prime factors of y?
3
Let z(x) = -11*x + 1. Let t be z(1). Let j be 1/((-3)/9)*t. Suppose -3*c - j = -126. What are the prime factors of c?
2
Let w be (54/(-45))/(6/(-580)). List the prime factors of 350/8 - 87/w.
43
Suppose -2*r = -3*r + 1083. List the prime factors of r.
3, 19
Suppose -5*c + 4*c = -4*s - 19, 5*s + 26 = 2*c. List the prime factors of 75 - (3 - (3 - c)).
2, 3
Let i(o) be the second derivative of o**4/12 - 15*o**2/2 - o. List the prime factors of i(-11).
2, 53
Suppose 0 = 4*t, 5*o + 3*t = 6*t + 25. Suppose -489 = -o*d - 169. Suppose 0 = -0*v + 4*v - d. What are the prime factors of v?
2
Let f = -677 + 1017. List the prime factors of f.
2, 5, 17
Suppose -3*m = 3*z - 7143, m + 3*z = 2121 + 250. List the prime factors of m.
2, 1193
Let h = -23 - -16. Let g = 2 - h. List the prime factors of g.
3
What are the prime factors of 2127 + 83 - (2 + 5)?
2203
What are the prime factors of (0 + 6564/(-10))/(126/(-315))?
3, 547
Let d(o) = 166*o + 55. What are the prime factors of d(14)?
3, 13, 61
Suppose 3*f + f = z + 1620, 2*z = 2*f - 810. Suppose -8*o = -13*o + f. List the prime factors of o.
3
Suppose -22*r + 20469 - 2209 = 0. List the prime factors of r.
2, 5, 83
Suppose 2*g + 4*g - 564 = 0. Suppose 5*n + 3*o - 275 = 0, -2*o + 4*o = 2*n - g. List the prime factors of n.
2, 13
Suppose -11*c + 287 = -1165. What are the prime factors of 7104/c - ((-18)/(-22) + -1)?
2, 3
Let g be (0 - -282)*6/4. Suppose -5*l - 133 = -g. Let y = l - 35. List the prime factors of y.
23
Let w = -8 + 16. What are the prime factors of 162/w*(-32)/(-12)?
2, 3
Let w be -2 + 12 - (-1 - -1). Suppose 4*o + 3*b - w = b, 4*b = 4*o - 16. Suppose o*f = -3*f + 294. What are the prime factors of f?
7
Let f be 0 + (-2)/(-11) + 13804/187. Let g(b) = b**3 + 12*b**2 + 2*b + 5. Let v be g(-11). Let t = v - f. List the prime factors of t.
2, 3, 5
Let j(r) = -r**3 - 3*r**2 + r - 7. Let p be j(-4). Suppose -p*q = -460 - 190. List the prime factors of q.
2, 5, 13
Suppose 0 = -38*w + 22*w + 12768. List the prime factors of w.
2, 3, 7, 19
Suppose -4*n = -3*w + 12, -2 = -n - 5. Suppose 4*x - 377 = -w*x + 5*k, -x + 108 = -4*k. What are the prime factors of x?
2, 11
Let h(t) = 6*t**3 + 6*t**2 - 8*t + 31. List the prime factors of h(4).
479
Let k(f) = f**2 - 7*f - 2. Let o(z) = z**2 - 12*z + 13. Let r be o(9). Let i be k(r). Suppose -7*t + 789 = i. List the prime factors of t.
71
Let g(t) = 568*t**3 - 1. List the prime factors of g(1).
3, 7
Let a = -86 - -149. Suppose -6*o + a = -3*o. List the prime factors of o.
3, 7
Suppose -p + 24 = -5*v, -2*p + 4*v + 8 = -4*p. Suppose -7 = -5*l + 3. Suppose 20 = l*k - g, -7*g = -p*k - 3*g + 40. What are the prime factors of k?
2, 5
Suppose -4*s - 146 = 3*y, y = -0*s + 3*s + 116. Let i be (4/(-5))/(s/665). Let r(o) = o**3 - 13*o**2 - 14*o + 2. List the prime factors of r(i).
2
Let r(u) = 3*u**2 - 28 - u**3 + 49 - 22 + 11*u. List the prime factors of r(-4).
67
Suppose 4 - 20 = -4*b. Suppose 0 = b*u - 665 + 213. List the prime factors of u.
113
Let v be (1*(-412)/12)/(1/(-3)). Let a = 146 - v. List the prime factors of a.
43
Let q(h) = 25*h - 49. Let d be q(13). Suppose -3*c + 171 + d = 0. List the prime factors of c.
149
Suppos